(-189)/14). Suppose 432 = d*z - z. What is the highest common divisor of 48 and z?
12
Let u = -21 - -21. Let g(c) = 2*c - 37. Let m be g(u). Let z = -20 - m. What is the greatest common divisor of 17 and z?
17
Suppose -2*j - 30 = -5*j. Suppose x - 2 + 11 = -3*i, -17 = 3*x + 4*i. Let n be (x/6 - 1)/(15/(-250)). Calculate the highest common divisor of n and j.
5
Let h be -175*9/(-675)*6. Let s(o) = -o**3 + 10*o**2 - 3*o. Let z be s(4). Calculate the highest common divisor of z and h.
14
Let j(z) = 5*z**2 - 5*z - 12. Let d be j(4). Let h(f) = 3*f**2 - 3*f - 15. Let w be h(7). Let t = w + -75. Calculate the greatest common divisor of t and d.
12
Let i = 4731 + -1499. What is the greatest common divisor of i and 96?
32
Let r(z) = z - 31. Let q(n) = -2 - 4 + 0 + 7. Let o(h) = 5*q(h) + r(h). Let l be o(31). What is the highest common divisor of l and 35?
5
Let j = 13563 + -12768. Calculate the greatest common factor of 2544 and j.
159
Suppose -3*m - 4*a = 2141, 0*m = 3*m + a + 2135. Let b = 722 + m. Calculate the greatest common factor of 88 and b.
11
Let f = -872 + 449. Let t = f - -427. Calculate the highest common divisor of 10 and t.
2
Suppose -3*y = -g + 2510, 73*g + 2*y = 71*g + 5012. What is the highest common factor of 654 and g?
109
Let l = -372 + 729. Let h = l - 252. What is the highest common divisor of 21 and h?
21
Suppose 4*u - 4*n + 45 = -367, 2*u + 178 = -5*n. Let d = u + 179. Let y = 1 + 4. What is the highest common factor of d and y?
5
Suppose -20*f - 7*f = -12177. Let n = -434 + 456. What is the highest common divisor of n and f?
11
Let s(h) = 4*h + 38. Let n be s(-8). Let l be 2/(-8)*2*-48. Calculate the highest common divisor of l and n.
6
Let o = -4300 - -4544. What is the greatest common factor of o and 3294?
122
Let z be 5/((-45)/(-88)) - (-8)/36. Suppose -5*y - z = 4*a - 75, 2*y + 4*a = 38. Let l be 1*y - (-11 + 11). What is the highest common factor of 6 and l?
3
Suppose 25*b + l - 106 = 21*b, 5*b - 138 = -4*l. What is the greatest common divisor of 676 and b?
26
Suppose 0 = 5*l - 3*l - 24. Let o(x) be the first derivative of -27*x**2/2 - 3*x - 6. Let f be o(-1). Calculate the greatest common divisor of l and f.
12
Let o(h) = -2 + 5 + 473*h**2 + 13*h - 4*h - 13*h. Let g be o(1). Calculate the greatest common factor of g and 59.
59
Suppose 624*o + 138 = 627*o. Let b be 2366/299 - (-4)/o. Let k be ((-20)/3)/(2/(-6)). Calculate the highest common divisor of k and b.
4
Suppose 16*r + 5*s - 4543 = 0, -27*r + 24*r = 2*s - 838. Let p be 98/8 + (-2)/8. What is the greatest common divisor of r and p?
12
Let l(h) = -2*h**3 + 2*h**2 - 8*h - 8. Let a be l(-4). Suppose 0 = -c + 3*k - 7, 0 = -5*c - 5*k + k + 60. What is the greatest common factor of a and c?
8
Suppose 5*b - 2*h - 182743 = 0, -1082*b + 7*h = -1081*b - 36575. What is the greatest common divisor of b and 161?
161
Let g be ((-2434)/104 + 156/1014)*-308. What is the highest common factor of 308 and g?
77
Suppose 459 + 806 = 116*i + 221. What is the greatest common factor of 549 and i?
9
Let w be 1729/95 + (-5)/25. Calculate the greatest common divisor of w and 288.
18
Suppose 120*p = 10528 + 3272. Suppose -2*x = 2*a + x - 92, 3*x + 138 = 3*a. What is the highest common factor of p and a?
23
Let j = 35974 - 35963. Let a be (-102 + 3)*84/(-9). What is the highest common divisor of j and a?
11
Suppose 0 = 171*l - 150*l - 7056. What is the greatest common factor of 252 and l?
84
Let i(p) = -p**3 + 6*p**2 + 7*p + 5. Let f be i(7). Suppose 640 = 15*y + f*y. Calculate the highest common factor of y and 4.
4
Suppose -4*b = 5*s - 3956, -1869 - 109 = -2*b - 2*s. Calculate the greatest common divisor of b and 69.
23
Suppose 7438 = 38*x - 7146 + 1664. Calculate the highest common divisor of 1564 and x.
68
Let i be 278 + (-13 + 9)*-2. What is the highest common factor of 442 and i?
26
Suppose 3*v + 27 = -3*j, 3*v + 2*j = 5*v + 14. Let t(s) = -2*s**2 - 25*s + 3. Let x be t(v). What is the greatest common factor of 50 and x?
25
Let a(w) = w + 3. Let j be a(-3). Suppose 3*h + 5*y - 13 = 14, -2*h + 5*y + 18 = j. Let l = 73 + -55. Calculate the highest common divisor of h and l.
9
Suppose 0*n - 40 = -5*n. Suppose 5*i = 4*i - n. Let t be ((-52)/i)/(1/12). Calculate the highest common divisor of t and 6.
6
Let v = -1060 - -1078. Let u be (-3)/((-15)/198*4/20). Calculate the highest common factor of v and u.
18
Suppose -h - 32*t = -27*t - 1119, -2*h - t = -2265. Calculate the highest common divisor of 12 and h.
6
Let w = 145 + -263. Let s = -105 - w. Calculate the highest common factor of 2 and s.
1
Let n = 3963 + -3743. Calculate the highest common divisor of n and 1265.
55
Let o be 1049215/90 + -6*(-6)/648. Calculate the highest common divisor of 348 and o.
174
Let t(j) be the second derivative of -j**3/6 - 4*j**2 + 14*j. Let d be t(-14). Let k be 1/d*-2 - (-224)/24. Calculate the greatest common divisor of 9 and k.
9
Let l = 310 + -278. Let g = -260 - -868. What is the highest common factor of l and g?
32
Let n be ((-612)/(-21))/(117/2184). Let h = 70 + -36. What is the greatest common factor of n and h?
34
Let g be (6 + -8)/(4/(-84)*1). Let a = 300 + -230. Calculate the greatest common divisor of g and a.
14
Suppose 30*c = 25*c + 20*c - 1260. Calculate the highest common divisor of c and 2660.
28
Let q be (8/4*(-8 + 7))/((-10)/5625). Calculate the highest common divisor of 2700 and q.
225
Suppose 4*s - 196 = 14*x - 10*x, -2*s - 2*x = -98. Calculate the highest common divisor of s and 22589.
49
Suppose -14*a + a - 182 = 0. Let l be (0 - 926/(-7)) + 4/a. What is the greatest common divisor of 6 and l?
6
Suppose 215 = 5*w - 2*n + 40, 4*w = -n + 127. Suppose 5*f + 1970 = 1905. Let z = 9 - f. What is the greatest common factor of w and z?
11
Let o(l) = 74*l + 5444. Let m be o(-70). Calculate the greatest common factor of m and 638.
22
Let d = 121 + -103. Suppose -2*b + 3*g - 10 = -3*b, 5*g = -2*b + d. What is the greatest common divisor of b and 40?
4
Let w be (-549)/(-12) + 9/(-12). Let r(f) = f**3 - 7*f**2 - f - 13. Let h be r(8). Let n = w - h. What is the highest common divisor of 26 and n?
2
Let g be (8/10)/(2/325). Let u = 157 + -589. Let x = -380 - u. What is the highest common factor of g and x?
26
Suppose -3*s = -5*y - 44 + 422, 2*y - 3*s - 153 = 0. Let p = y - 71. Let d be (0 - p)/((-2)/24). What is the highest common factor of 32 and d?
16
Let y = -6 + 13. Let c(j) = -23 + 16*j**2 - j**3 - 9*j + 6*j + y*j. Let m be c(16). Calculate the highest common factor of m and 41.
41
Let o = -719 - -720. Let d = -9 + 9. Suppose 16 + 12 = 4*m - 2*i, -4*m - 2*i + 28 = d. What is the greatest common divisor of m and o?
1
Suppose -524086 - 90198 = -416*o - 21484. What is the greatest common factor of 114 and o?
57
Let t = -32 - -38. Suppose 4*c - t - 10 = 0. Suppose 0 = c*z - z - 4*v - 66, 0 = 3*v. Calculate the greatest common divisor of z and 154.
22
Suppose 5*c = 4*s - 239, -3*s + 156 = 5*c - c. Suppose -s = -2*t + 32. Let f = 70 - t. Calculate the highest common factor of 13 and f.
13
Let y = 68 - 225. Let m = 167 + y. What is the greatest common factor of 110 and m?
10
Let d(q) = -39*q + 175. Let u be d(-13). What is the highest common divisor of u and 44?
22
Suppose 2*u - 177 + 167 = 0, -5*f + 1335 = -2*u. Calculate the highest common factor of f and 6187.
269
Let n(i) = -i + 5 - 13 + 6. Let y be n(-1). Let m be 26 + (y - (-2 + 1)). What is the highest common factor of 13 and m?
13
Let y be (-1354)/18 + 50/225. Let q = y + 117. Let n(a) = a**3 + 8*a**2 - 3*a - 7. Let k be n(-7). Calculate the greatest common divisor of q and k.
21
Let p(i) be the third derivative of i**4/4 - 38*i**3/3 + 124*i**2. Let c be p(14). Calculate the highest common divisor of 4 and c.
4
Let u = -32 - -40. Suppose 0 = 4*p - 0 + u. Let q be (-2509)/(-78) + 11/6 + p. Calculate the greatest common divisor of 80 and q.
16
Suppose 22 = 2*t + 2. Let z = 277 + -144. Suppose z*d - 32 = 125*d. Calculate the greatest common divisor of t and d.
2
Let n(s) = 664*s**2 - 120*s - 907. Let k be n(-8). What is the greatest common factor of 39 and k?
39
Let w be 46/16 + 3/24. Suppose 5*g = -3*j + 5, -5*j = w*g - 5 + 2. Suppose b + g = 10. Calculate the highest common factor of 1 and b.
1
Suppose -7*n - 6 = -3*k + 67, 4 = 2*n. What is